hat is the highest common factor of 19 and h?
19
Suppose 0*p + 95 = 3*p + t, 5*t + 20 = 0. What is the greatest common divisor of 44 and p?
11
Let n = 1 - -3. Suppose -4*y + 4*l = l - 8, -3*y + n*l = 1. Suppose 5*t = 4*t - 5, -2*t = y*r - 55. Calculate the greatest common factor of r and 91.
13
Let m(w) = -w**3 - 5*w**2 - 6*w + 5. Let d be m(-5). Suppose 5*o - d = 680. What is the highest common divisor of o and 13?
13
Suppose 21 = 2*u + 5. Let d be 2/(1/u*2). Let a = -66 + 130. Calculate the highest common factor of a and d.
8
Let t = -9 + 31. Calculate the highest common factor of 176 and t.
22
Suppose k - 4*t + 2 = 0, -t - 3 + 5 = 0. Suppose -4*r + 3*q = 5*q - 38, q - 7 = -r. Calculate the highest common divisor of k and r.
6
Let g be 5/(-10)*-1*42. Suppose -4*p + g = -p. What is the highest common divisor of p and 77?
7
Let d(k) = 2*k**2 + 6*k. Let o be d(-4). Let z be (-7)/(14/8) + 8. Calculate the highest common factor of z and o.
4
Suppose -3*j + 4 = -j. Let k = -2 - -8. What is the highest common factor of k and j?
2
Suppose -2*v = -v - 90. Let s(w) = w**3 + 3*w**2 - 2. Let t be s(2). What is the greatest common divisor of t and v?
18
Let s = 49 + -30. What is the highest common factor of 152 and s?
19
Let n(d) = -d**3 + 17*d**2 + 17*d + 30. Let l be n(18). Calculate the greatest common factor of l and 3.
3
Suppose 2*p - 425 = -5*x, -2*p + 0*x + x = -419. Calculate the highest common factor of p and 84.
42
Let x = 5 + -16. Let m = x - -16. Suppose -3*r - 2*h = -30, 3*r = 8*r + m*h - 55. What is the highest common factor of r and 20?
4
Let j = 7 + -5. Let z(n) = 11*n**2 + 2*n. Let q be z(j). Let m = -228 - -234. What is the highest common factor of m and q?
6
Let a(k) = 3*k + 6. Let m be a(-4). Let y = m - -7. Let r be y + -3*(-2 + 0). What is the greatest common factor of r and 63?
7
Let a = 111 + -101. Let x be (2 + 1)/(3/80). Calculate the greatest common divisor of a and x.
10
Let z = -180 + 258. What is the highest common divisor of 195 and z?
39
Let f(j) = -14*j**3 + j + 1. Let r be f(-1). Suppose r = 5*d - 21. What is the greatest common divisor of d and 14?
7
Let r(f) = 14*f - 3. Let c be r(1). Suppose -3*n - b + 263 = 0, 3*n - 341 = -3*b - 80. What is the greatest common factor of n and c?
11
Suppose 770 = 2*n - 0*n. Calculate the highest common divisor of 35 and n.
35
Suppose 4*i + 20 = -4. Let l be (11/(-4))/(i/96). Let j = -30 + l. What is the highest common divisor of j and 7?
7
Let m(o) = -2*o - 3. Let u be m(-3). What is the highest common divisor of u and 1?
1
Suppose 4*c - 63 = -3*t, 2*c - 3*t + t = 42. Let i = 60 + 93. Suppose 0 = 3*h + 3*z - i, -4*h + 99 = -z - 120. Calculate the greatest common factor of h and c.
18
Let p = -1 + 41. Let i = 19 + -9. What is the greatest common divisor of p and i?
10
Let g be 4/3 - (-248)/12. Let o = g - 19. What is the greatest common divisor of 21 and o?
3
Suppose 3*i + 2*i - 30 = 0. Suppose -g + 30 = g. Let s = -3 + g. Calculate the highest common factor of i and s.
6
Let p be 5/(-15) + (-577)/(-3). What is the greatest common divisor of 24 and p?
24
Let i = 13 - 9. Let o(v) = v**3 + 7*v**2 - 4*v + 4. Let p(g) = -6*g**2 + g. Let l be p(-1). Let h be o(l). Calculate the greatest common factor of h and i.
4
Let n = 11 + -5. Let u be ((-8)/(-14))/((-2)/(-7)). What is the highest common factor of u and n?
2
Let u = 76 - 46. Calculate the highest common divisor of u and 45.
15
Suppose o - 8 = 1. Let b be 2*-2 + 2 + 0. Let p be (14 + 1)*(-6)/b. What is the highest common factor of p and o?
9
Suppose 3*g - 30 = -6. What is the highest common factor of 32 and g?
8
Suppose 114 = 3*d + 6. What is the highest common factor of d and 4?
4
Let q = -21 + 164. Let k = 10 + -6. Suppose -3*x - 11 = 4, x + 57 = k*l. Calculate the greatest common factor of q and l.
13
Suppose 0 = a - 2 - 6. Let n = -4 - -9. Suppose -33 - 87 = -n*f. What is the greatest common factor of f and a?
8
Suppose j - 10 = 10. Calculate the highest common divisor of j and 5.
5
Let j be 6/15 + 296/10. What is the highest common factor of 75 and j?
15
Let i(x) = x**3 - 5*x**2 + x - 4. Let b be i(5). Suppose -2*o - 4 + 0 = 2*z, 0 = z - 3*o - 10. Calculate the greatest common divisor of z and b.
1
Suppose -2*z = 3*a - 29, -4*a + 69 = 5*z - 0*a. What is the highest common factor of z and 13?
13
Let u be 12/(-84) - 492/(-14). Calculate the greatest common divisor of u and 5.
5
Let h(z) = z. Let m(p) = -p**2 + p + 2. Let n be m(2). Let j be h(n). Suppose j = 2*a - 6*a + 36. What is the highest common divisor of a and 72?
9
Suppose -2*o = -4*t - 7 - 37, 4*o - 63 = 3*t. What is the greatest common divisor of o and 4?
4
Let g = -4 + 14. Calculate the greatest common factor of g and 160.
10
Let f = 18 + 190. Suppose 0*r + 2*r = f. Suppose -5*s = 5*y - 75, -5*y + 6*y - 19 = -3*s. Calculate the greatest common divisor of r and y.
13
Let r = 6 + 2. What is the highest common divisor of 16 and r?
8
Let i(b) = b**3 - 5*b**2 + 2*b - 7. Let o be i(5). Let t be -2*25*o/(-3). Calculate the greatest common divisor of t and 10.
10
Suppose 4*j = 20, -3*q + 52 = -0*q + 2*j. Let g be 10/25 - (-1396)/10. Suppose g = 5*v + b, -v = 6*b - b - 28. What is the greatest common divisor of v and q?
14
Let c be ((-4)/(-7))/((-14)/(-49)). Suppose 27 = 3*r - 5*i, -4*r + 2 = -c*i - 34. Suppose -89 = -5*m - r. What is the greatest common factor of m and 112?
16
Let k be (2/4)/((-9)/(-36)). What is the greatest common divisor of k and 14?
2
Suppose -470 = -5*g - 5*v, 4*g - 206 = 2*g + 4*v. Let t = g + -61. What is the highest common factor of 4 and t?
4
Suppose -5*s + 9 = -4*s. Let r(k) = 9*k**2 - 4*k + 3. Let q be r(3). Calculate the highest common factor of s and q.
9
Suppose -5*a - 2 = -2*a - 2*j, -3*a - 10 = 2*j. Let z = 3 - a. Let g = 42 - 17. Calculate the highest common divisor of z and g.
5
Suppose -h = k - 45, -4*k = -k - 4*h - 128. Suppose -4*x - 5*p + k = 0, x - 2*p = -5*p + 18. Calculate the greatest common divisor of 66 and x.
6
Let w = 35 + -25. Let u be 4/(-20) - (-42)/w. Suppose u*p - 28 = -0*p. Calculate the greatest common factor of p and 14.
7
Let m = -43 - -61. Let h be ((-243)/m)/(1/(-22)). Calculate the greatest common factor of 27 and h.
27
Suppose -2*s + 7 = -71. Calculate the highest common divisor of 13 and s.
13
Suppose -2*f + 120 = -3*u, 4*f - 5*u = -92 + 334. Calculate the highest common factor of f and 9.
9
Let b be 104/16 - (6/3)/4. Calculate the highest common divisor of 6 and b.
6
Let r = 64 + -44. What is the greatest common divisor of 8 and r?
4
Let o be (-713)/(-5) + (-2)/(-5). Suppose 4*x - 13 = 3*x. What is the greatest common factor of x and o?
13
Suppose 0*s + 3 = s. Suppose d + s*b = -b + 76, -3*b = 4*d - 291. Calculate the highest common divisor of d and 9.
9
Let h be 2/7 - (-141)/21. Suppose -3*g - 23 + 86 = 0. Calculate the highest common factor of h and g.
7
Let x be (-3)/12*-22*8. Let f(i) = -2*i + 3. Let t be f(-6). Let n = -11 + t. What is the highest common divisor of n and x?
4
Let x(k) = 3*k - 2. Let d be x(3). Suppose 3 = p + 3*q + d, 4*q = -8. Suppose -2*i + 28 = p*i. Calculate the highest common divisor of 63 and i.
7
Suppose 5*y = -5, 2*c + 35 = 5*c - 5*y. Let m be -3*(1 + c/(-6)). Let v(s) = -s**2 + 2*s + 2. Let r be v(m). Calculate the greatest common factor of 2 and r.
2
Let v = 132 + -64. Suppose -s = 3*g - 7, -2*g + 14 = -2*s + v. Suppose -19 + 85 = 2*l. What is the greatest common divisor of l and s?
11
Let y be (68/(-16))/((-1)/8). Suppose q + y = 4*n, 3*q + 12 = 4*n - 26. What is the highest common factor of n and 24?
8
Let z(o) = -26*o - 9. Let n be z(-5). Let p be (-22)/(-8)*(-3 - -7). What is the highest common divisor of n and p?
11
Let w(s) = s - 4. Let h be w(8). What is the highest common factor of 6 and h?
2
Let q = 20 - 5. Suppose -3*l - 11 - 13 = 0. Let b = 14 + l. Calculate the highest common factor of b and q.
3
Suppose -48 = -12*n - 4*n. What is the greatest common divisor of 24 and n?
3
Let u be -2 + 0 + 1 - -28 - 2. Calculate the highest common divisor of 25 and u.
25
Let d(y) = -y**3 + y**2 + 3*y - 2. Let g be d(2). Suppose 0*s + 2*s - 8 = g, 572 = 3*w - s. Calculate the highest common divisor of 24 and w.
24
Suppose 2*r + 0*m - 57 = -3*m, r - 2*m - 39 = 0. Let a be (-11)/r - (-31)/3.